
16134c92
In base 10, what is 705 - -774965?
775670
In base 9, what is -2367 - 125663?
-128141
In base 13, what is 1 + -13155339?
-13155338
In base 7, what is -30346 - 202?
-30551
In base 4, what is 10 + -130331222032?
-130331222022
In base 2, what is -101001 + -11100100001101100111?
-11100100001110010000
In base 4, what is -1130 + 120123223?
120122033
In base 4, what is 130323100 + -2202?
130320232
In base 16, what is 251 + -8f8ff?
-8f6ae
In base 13, what is -a112748 + 3?
-a112745
In base 12, what is 23549a + -14?
235486
In base 5, what is 144 + -12213123?
-12212424
In base 11, what is 2 + 2880596?
2880598
In base 16, what is 2a0e80 - 1b4?
2a0ccc
In base 15, what is -3391e5a8 - -2?
-3391e5a6
In base 2, what is 11011011100001010100 + 0?
11011011100001010100
In base 16, what is -12f3a48 + 4?
-12f3a44
In base 11, what is 2a113931 - 5?
2a113927
In base 6, what is 2 - 132522350?
-132522344
In base 4, what is -1103021 + -20123212?
-21232233
In base 11, what is 18 - 787958?
-787940
In base 16, what is -5851051 + 9?
-5851048
In base 7, what is -5620200 + -2140?
-5622340
In base 11, what is 822947 - 266?
822691
In base 5, what is -120123420130 - 0?
-120123420130
In base 11, what is -398846 + -1?
-398847
In base 7, what is -160104 - 422?
-160526
In base 11, what is -34 + 1582392?
1582359
In base 6, what is -12001243104 - 3?
-12001243111
In base 10, what is -370984 + -606?
-371590
In base 3, what is -10010 + -21121201111112?
-21121201121122
In base 16, what is -cc + -42c33?
-42cff
In base 14, what is -37d8805 + 7?
-37d87dc
In base 7, what is 642422 + 223?
642645
In base 15, what is a - 2eaeea4?
-2eaee99
In base 10, what is -17 + -69237547?
-69237564
In base 3, what is 2 - -20212002202100?
20212002202102
In base 9, what is 633433 + -32?
633401
In base 6, what is -5 + -10140114520?
-10140114525
In base 4, what is 11 + -22220300331222?
-22220300331211
In base 8, what is -27217 + 3252?
-23745
In base 4, what is 10 + -100231031233020?
-100231031233010
In base 15, what is -9e + 23521?
23472
In base 5, what is -23134321 + -14141?
-23204012
In base 15, what is 38816 + 204?
38a1a
In base 2, what is 11011100101100001010001 + -1?
11011100101100001010000
In base 3, what is 101210122 + 1101200011?
1210110210
In base 9, what is 7 + 2424031?
2424038
In base 12, what is 21 - -64637a1?
6463802
In base 4, what is -1331210221 + 120?
-1331210101
In base 16, what is 86 + -5efcc?
-5ef46
In base 16, what is 7 + 5528ce?
5528d5
In base 12, what is -5722056 + -5?
-572205b
In base 11, what is -a - -284088?
284079
In base 11, what is -170a88 - 1880?
-172858
In base 6, what is 1231543145 + 12?
1231543201
In base 11, what is -3 - 39429034?
-39429037
In base 13, what is -645 - -17985?
17340
In base 15, what is -193548 + 2?
-193546
In base 5, what is 131214 - 3120042?
-2433323
In base 12, what is 6b033 - 175?
6aa7a
In base 10, what is -8 - -294535?
294527
In base 16, what is 6d0f1be + 0?
6d0f1be
In base 4, what is 1203120322002 - 2?
1203120322000
In base 16, what is -83529 + -65?
-8358e
In base 13, what is -496555 + 71?
-4964b4
In base 4, what is 2110333 + -120111?
1330222
In base 10, what is 38765 - 277?
38488
In base 6, what is -4 + -5251250514?
-5251250522
In base 11, what is 25652 + -438?
25215
In base 2, what is 10100100101 + 11001101110100101?
11010000011001010
In base 3, what is -1000122001 - 2021201?
-1002220202
In base 11, what is -6911a57 - 74?
-6912020
In base 5, what is -110103213 + 24?
-110103134
In base 8, what is 5 + 62625040?
62625045
In base 8, what is -1154437 - 37?
-1154476
In base 10, what is -7 + -180055?
-180062
In base 13, what is 19b6c3016 + -3?
19b6c3013
In base 16, what is -3d346 + -5b?
-3d3a1
In base 13, what is 4a4212 + -7?
4a4208
In base 6, what is 431 + -355522?
-355051
In base 10, what is 16 + 63074?
63090
In base 9, what is 8 + 6704200?
6704208
In base 16, what is -6e27 - 136c?
-8193
In base 9, what is -13470 - 1364?
-14844
In base 11, what is 1528 - 4698?
-3170
In base 7, what is 0 + -3011523014?
-3011523014
In base 7, what is -5 + -200113554?
-200113562
In base 4, what is -220 - -30313333132?
30313332312
In base 16, what is 8afedb - -1?
8afedc
In base 12, what is 1b115 - 42?
1b093
In base 8, what is -105030 - -37716?
-45112
In base 5, what is -4143022423 - 0?
-4143022423
In base 9, what is -14502213 + 2?
-14502211
In base 15, what is -b - -13020e?
130203
In base 15, what is -61a77e3 + 2?
-61a77e1
In base 11, what is -123 - -37433?
37310
In base 16, what is -330c + -da?
-33e6
In base 3, what is 21210 + 10211100210?
10211122120
In base 13, what is -30033a + -21?
-30035b
In base 11, what is 2 + 2373359?
2373360
In base 7, what is 53120265 - 4?
53120261
In base 14, what is -86881 + 2d?
-86852
In base 12, what is -164930 + 47?
-1648a5
In base 13, what is 6052b27 - -3c?
6052b66
In base 12, what is -5 + -1019850?
-1019855
In base 10, what is 1308 - -19620?
20928
In base 16, what is 25 - 1c105?
-1c0e0
In base 5, what is 4201441411 - 0?
4201441411
In base 10, what is -4 - 3209338?
-3209342
In base 6, what is 2151102 - -50252?
2241354
In base 15, what is -3084d - 1c1?
-30a1e
In base 14, what is -6b8 - -560?
-158
In base 9, what is 1636633 + -233?
1636400
In base 3, what is 11 + -112212222020002?
-112212222012221
In base 7, what is -2206626 + 124?
-2206502
In base 14, what is -b56b - -64d?
-ad1c
In base 8, what is 10 + 15455242?
15455252
In base 10, what is -686 + -16864?
-17550
In base 2, what is 1101101 + -101111010001010001101?
-101111010001000100000
In base 4, what is 3031002230 - -321?
3031003211
In base 16, what is be0d1a + 5?
be0d1f
In base 5, what is -1041032432 + -43?
-1041033030
In base 3, what is -202121000222 - -1?
-202121000221
In base 6, what is 13513525 + 12?
13513541
In base 10, what is -32412914 - -1?
-32412913
In base 11, what is -43a67a81 - -4?
-43a67a78
In base 6, what is -3532533 - -13114?
-3515415
In base 16, what is 231cbd - 57?
231c66
In base 11, what is 61a5 + -40898?
-356a3
In base 10, what is 0 + -53748822?
-53748822
In base 5, what is -4242204112 + -2?
-4242204114
In base 9, what is 10 - 6418263?
-6418253
In base 11, what is 275a96 - -1115?
277100
In base 2, what is -10010101111 - 1101000000111001001?
-1101000011001111000
In base 5, what is 14232204 + -22000?
14210204
In base 16, what is -1e - 22d2c?
-22d4a
In base 7, what is 4 + -2326314?
-2326310
In base 3, what is 1022200 + 1100022202?
1101122102
In base 15, what is 6 - -a5108?
a510e
In base 11, what is -8a + -2547377?
-2547456
In base 8, what is 1 - 306644?
-306643
In base 10, what is 8209 + 519?
8728
In base 4, what is 1021 + 32212123320?
32212131001
In base 3, what is 12 + -112212002222120100?
-112212002222120011
In base 12, what is -861 - -133a8?
12747
In base 7, what is 1 + 4441156656?
4441156660
In base 4, what is 2200033 + -30021?
2110012
In base 8, what is -23374 + 107201?
63605
In base 6, what is -34443 - 145152?
-224035
In base 3, what is 22202112020 + 211?
22202120001
In base 12, what is 49a100b + 1?
49a1010
In base 14, what is -2c + -6dcb69?
-6dcb97
In base 12, what is -34757 - -42?
-34715
In base 4, what is 3200001121 + 2123?
3200003310
In base 4, what is -111120201120 - -2?
-111120201112
In base 14, what is -1389a + 104?
-13796
In base 5, what is -140 - 31320310?
-31321000
In base 3, what is -12 - 1011110200002210?
-1011110200002222
In base 4, what is 1031213202213 + 133?
1031213203012
In base 2, what is 1001011001101010001000110001 - 1?
1001011001101010001000110000
In base 13, what is -5a67500 - -13?
-5a674ba
In base 12, what is -279365 + b5?
-279270
In base 11, what is 3a15422 + 3?
3a15425
In base 3, what is 1121121102122 + 112012?
1121121221211
In base 11, what is -2903 + 158?
-2756
In base 3, what is 1012211011 + -22111?
1012111200
In base 9, what is 7152112 + 3?
7152115
In base 12, what is 648 - 2340a?
-22982
In base 10, what is -32 - -394818?
394786
In base 16, what is fe33 - -2?
fe35
In base 4, what is 311 - 10313013310?
-10313012333
In base 6, what is 1 - 121110102?
-121110101
In base 8, what is -12 - 14643706?
-14643720
In base 14, what is 5 + 523632?
523637
In base 5, what is 13033 + -11101324?
-11033241
In base 4, what is -130323213020 + 233?
-130323212121
In base 6, what is 44 - -10241200?
10241244
In base 6, what is 530342413 - 34?
530342335
In base 